when 314708 is divided by 23?
22
What is the remainder when 3882 is divided by 256?
42
What is the remainder when 5319 is divided by 974?
449
Calculate the remainder when 27223 is divided by 938.
21
Calculate the remainder when 14677 is divided by 53.
49
What is the remainder when 107659 is divided by 70?
69
Calculate the remainder when 10888 is divided by 287.
269
Calculate the remainder when 2000 is divided by 987.
26
What is the remainder when 13869 is divided by 32?
13
Calculate the remainder when 28878 is divided by 80.
78
Calculate the remainder when 34123 is divided by 49.
19
Calculate the remainder when 39121 is divided by 73.
66
Calculate the remainder when 76507 is divided by 38242.
23
What is the remainder when 1129 is divided by 1005?
124
What is the remainder when 64041 is divided by 9?
6
What is the remainder when 287 is divided by 277?
10
What is the remainder when 5472 is divided by 21?
12
What is the remainder when 101131 is divided by 661?
659
Calculate the remainder when 20559 is divided by 4103.
44
What is the remainder when 687 is divided by 28?
15
Calculate the remainder when 69823 is divided by 141.
28
What is the remainder when 698334 is divided by 565?
559
What is the remainder when 559 is divided by 185?
4
What is the remainder when 135 is divided by 65?
5
What is the remainder when 36229 is divided by 13?
11
What is the remainder when 12067 is divided by 105?
97
What is the remainder when 4517 is divided by 507?
461
What is the remainder when 1972 is divided by 197?
2
Calculate the remainder when 1986851 is divided by 217.
216
Calculate the remainder when 133594 is divided by 44529.
7
What is the remainder when 3372 is divided by 1007?
351
What is the remainder when 23381 is divided by 2595?
26
Calculate the remainder when 20288 is divided by 233.
17
Calculate the remainder when 23079 is divided by 135.
129
Calculate the remainder when 32830 is divided by 1931.
3
Calculate the remainder when 658661 is divided by 51.
47
Calculate the remainder when 36730 is divided by 15.
10
Calculate the remainder when 9501 is divided by 197.
45
What is the remainder when 131609 is divided by 34?
29
Calculate the remainder when 174844 is divided by 85.
84
Calculate the remainder when 61361 is divided by 1277.
65
Calculate the remainder when 76383 is divided by 58.
55
What is the remainder when 17069 is divided by 1545?
74
Calculate the remainder when 1908 is divided by 111.
21
What is the remainder when 32720 is divided by 742?
72
What is the remainder when 15127 is divided by 123?
121
What is the remainder when 137394 is divided by 4163?
15
What is the remainder when 3467 is divided by 123?
23
Calculate the remainder when 218290 is divided by 12.
10
What is the remainder when 10161 is divided by 9318?
843
What is the remainder when 50780 is divided by 8456?
44
What is the remainder when 422562 is divided by 1139?
1132
What is the remainder when 1466 is divided by 250?
216
What is the remainder when 64306 is divided by 5?
1
Calculate the remainder when 70216 is divided by 8777.
0
Calculate the remainder when 4004 is divided by 443.
17
What is the remainder when 305000 is divided by 76246?
16
What is the remainder when 22343 is divided by 604?
599
What is the remainder when 1526453 is divided by 78?
71
Calculate the remainder when 324924 is divided by 271.
266
Calculate the remainder when 30429 is divided by 103.
44
Calculate the remainder when 5126957 is divided by 21.
17
Calculate the remainder when 238826 is divided by 47762.
16
What is the remainder when 2991 is divided by 891?
318
What is the remainder when 5990 is divided by 30?
20
Calculate the remainder when 28189 is divided by 2013.
7
Calculate the remainder when 162399 is divided by 56.
55
What is the remainder when 12267 is divided by 293?
254
What is the remainder when 248651 is divided by 4362?
17
What is the remainder when 1955 is divided by 871?
213
Calculate the remainder when 1779 is divided by 259.
225
What is the remainder when 6037 is divided by 503?
1
Calculate the remainder when 207 is divided by 95.
17
Calculate the remainder when 52737 is divided by 37.
12
Calculate the remainder when 37379 is divided by 31.
24
Calculate the remainder when 47079 is divided by 177.
174
Calculate the remainder when 3935 is divided by 3867.
68
Calculate the remainder when 180681 is divided by 45162.
33
What is the remainder when 22859 is divided by 635?
634
What is the remainder when 20944 is divided by 26?
14
What is the remainder when 1411408 is divided by 286?
284
What is the remainder when 1187 is divided by 584?
19
Calculate the remainder when 44927 is divided by 288.
287
What is the remainder when 63032 is divided by 438?
398
What is the remainder when 1488 is divided by 1360?
128
Calculate the remainder when 2777 is divided by 34.
23
Calculate the remainder when 789 is divided by 373.
43
What is the remainder when 30090 is divided by 178?
8
What is the remainder when 41064 is divided by 1033?
777
Calculate the remainder when 58545 is divided by 19502.
39
What is the remainder when 206808 is divided by 25850?
8
Calculate the remainder when 18311 is divided by 1143.
23
Calculate the remainder when 229006 is divided by 1789.
14
Calculate the remainder when 1553669 is divided by 69.
65
What is the remainder when 1607 is divided by 66?
23
Calculate the remainder when 90049 is divided by 2001.
4
What is the remainder when 13943 is divided by 42?
41
Calculate the remainder when 3202 is divided by 983.
253
What is the remainder when 881 is divided by 252?
125
What is the remainder when 2944 is divided by 69?
46
Calculate the remainder when 39345 is divided by 7863.
30
What is the remainder when 5148414 is divided by 341?
337
What is the remainder when 73963 is divided by 31?
28
Calculate the remainder when 3230 is divided by 325.
305
What is the remainder when 4378 is divided by 23?
8
What is the remainder when 33465 is divided by 72?
57
What is the remainder when 4063 is divided by 3505?
558
Calculate the remainder when 328813 is divided by 58.
11
Calculate the remainder when 1412 is divided by 499.
414
Calculate the remainder when 229146 is divided by 43.
42
What is the remainder when 83133 is divided by 622?
407
What is the remainder when 6668 is divided by 55?
13
What is the remainder when 31188 is divided by 2255?
1873
Calculate the remainder when 4018 is divided by 165.
58
What is the remainder when 83447 is divided by 173?
61
What is the remainder when 2701869 is divided by 1044?
1041
Calculate the remainder when 15829 is divided by 263.
49
What is the remainder when 14417 is divided by 720?
17
What is the remainder when 1347 is divided by 345?
312
Calculate the remainder when 6135 is divided by 143.
129
Calculate the remainder when 2290 is divided by 1974.
316
What is the remainder when 742599 is divided by 14?
11
Calculate the remainder when 8365 is divided by 759.
16
What is the remainder when 71862 is divided by 452?
446
What is the remainder when 4171 is divided by 348?
343
What is the remainder when 11539 is divided by 27?
10
Calculate the remainder when 9240 is divided by 2866.
642
Calculate the remainder when 2280 is divided by 1651.
629
Calculate the remainder when 21509 is divided by 768.
5
What is the remainder when 3285320 is divided by 21?
17
What is the remainder when 27672 is divided by 137?
135
Calculate the remainder when 193033 is divided by 77.
71
What is the remainder when 631 is divided by 142?
63
Calculate the remainder when 2698 is divided by 254.
158
What is the remainder when 83632 is divided by 1248?
16
Calculate the remainder when 120558 is divided by 274.
272
Calculate the remainder when 3560 is divided by 1169.
53
What is the remainder when 23097 is divided by 132?
129
Calculate the remainder when 1501 is divided by 545.
411
Calculate the remainder when 866908 is divided by 419.
416
Calculate the remainder when 33754 is divided by 8437.
6
Calculate the remainder when 2253 is divided by 44.
9
Calculate the remainder when 27358 is divided by 152.
150
Calculate the remainder when 5772 is divided by 958.
24
Calculate the remainder when 1373400 is divided by 5.
0
What is the remainder when 7634 is divided by 241?
163
Calculate the remainder when 